696?
2, 67, 3371
List the prime factors of 375642210.
2, 3, 5, 23, 499, 1091
What are the prime factors of 16961397?
3, 5653799
List the prime factors of 41310361.
41310361
List the prime factors of 736868245.
5, 147373649
What are the prime factors of 130803677?
130803677
What are the prime factors of 236537394?
2, 3, 39422899
List the prime factors of 6480224540.
2, 5, 324011227
List the prime factors of 79924271.
7, 1187, 9619
What are the prime factors of 948770416?
2, 11, 2203, 2447
What are the prime factors of 4655822759?
7, 17, 5589223
What are the prime factors of 9846061?
9846061
List the prime factors of 2609567523.
3, 29, 67, 5527
What are the prime factors of 345757421?
19, 263, 69193
List the prime factors of 1817131400.
2, 5, 7, 71, 101, 181
List the prime factors of 84101481.
3, 31, 37, 8147
List the prime factors of 134491978.
2, 241, 279029
What are the prime factors of 1863577149?
3, 7, 29, 53, 57737
What are the prime factors of 406414716?
2, 3, 17, 1217, 1637
List the prime factors of 328399035.
3, 5, 953, 22973
List the prime factors of 83666777.
43, 1945739
List the prime factors of 70816681.
13, 823, 6619
List the prime factors of 918245028.
2, 3, 277, 276247
What are the prime factors of 48948995?
5, 349, 28051
List the prime factors of 2845278.
2, 3, 158071
List the prime factors of 22847372.
2, 23, 31, 8011
List the prime factors of 617136938.
2, 11, 811, 34589
What are the prime factors of 1011069302?
2, 505534651
List the prime factors of 5518832155.
5, 809, 1364359
What are the prime factors of 38001470?
2, 5, 13, 292319
What are the prime factors of 193766769?
3, 7, 19, 53959
What are the prime factors of 228049715?
5, 23, 149, 13309
What are the prime factors of 99464462?
2, 109, 467, 977
What are the prime factors of 299239302?
2, 3, 2953, 16889
What are the prime factors of 9045976201?
9045976201
What are the prime factors of 2114581185?
3, 5, 46990693
List the prime factors of 625803374.
2, 7, 44700241
What are the prime factors of 785834292?
2, 3, 65486191
List the prime factors of 51902994.
2, 3, 11, 13, 60493
What are the prime factors of 1473426530?
2, 5, 557, 264529
What are the prime factors of 3384797907?
3, 1973, 571853
What are the prime factors of 533069483?
18289, 29147
What are the prime factors of 86029935?
3, 5, 1459, 3931
List the prime factors of 32976758.
2, 107, 154097
List the prime factors of 651542003.
7, 1361, 68389
List the prime factors of 197698194.
2, 3, 61, 180053
What are the prime factors of 2274199022?
2, 89, 101, 126499
What are the prime factors of 123681541?
193, 640837
List the prime factors of 781690571.
19, 41141609
What are the prime factors of 25014013?
19, 1316527
List the prime factors of 1729499555.
5, 7, 49414273
What are the prime factors of 1539840684?
2, 3, 73, 1757809
List the prime factors of 34732270.
2, 5, 37, 93871
What are the prime factors of 636171904?
2, 23, 216091
List the prime factors of 94248121.
11, 8568011
What are the prime factors of 223213663?
107, 2086109
What are the prime factors of 5430799490?
2, 5, 543079949
List the prime factors of 144788039.
11, 29, 137, 3313
List the prime factors of 35906421.
3, 313, 38239
What are the prime factors of 180428236?
2, 383, 117773
What are the prime factors of 5436885516?
2, 3, 331, 1368803
List the prime factors of 531874230.
2, 3, 5, 1321, 13421
What are the prime factors of 26335280?
2, 5, 329191
List the prime factors of 225460353.
3, 41, 233, 7867
List the prime factors of 652547231.
7, 43, 50417
List the prime factors of 152488198.
2, 17, 4484947
List the prime factors of 239208082.
2, 179, 668179
List the prime factors of 111685639.
13, 691, 12433
List the prime factors of 1766142819.
3, 7, 31, 43063
List the prime factors of 1232641005.
3, 5, 6133, 13399
What are the prime factors of 694050068?
2, 113, 331, 4639
List the prime factors of 890969594.
2, 311, 1432427
What are the prime factors of 478586?
2, 271, 883
List the prime factors of 5336291797.
19, 280857463
List the prime factors of 39422501.
37, 79, 13487
What are the prime factors of 679212?
2, 3, 19, 331
What are the prime factors of 40803229?
179, 227951
What are the prime factors of 65823624?
2, 3, 304739
List the prime factors of 1289923592.
2, 161240449
What are the prime factors of 412310283?
3, 7, 11, 162263
List the prime factors of 691903709.
7, 73, 1354019
List the prime factors of 38855174.
2, 19427587
List the prime factors of 177253943.
177253943
List the prime factors of 1160810514.
2, 3, 2388499
List the prime factors of 90304599.
3, 7, 11, 5077
List the prime factors of 2357266512.
2, 3, 17, 2888807
List the prime factors of 2202469422.
2, 3, 73, 1297, 3877
What are the prime factors of 550641422?
2, 83, 3317117
List the prime factors of 142538017.
41, 107, 32491
What are the prime factors of 1667272337?
257, 6487441
List the prime factors of 5015359652.
2, 17, 1699, 43411
What are the prime factors of 5642127213?
3, 1880709071
List the prime factors of 15909683.
2467, 6449
What are the prime factors of 2569828?
2, 642457
What are the prime factors of 296581008?
2, 3, 569, 10859
List the prime factors of 85509859.
4423, 19333
What are the prime factors of 5265711627?
3, 11, 29, 5502311
List the prime factors of 199377410.
2, 5, 271, 73571
What are the prime factors of 726609535?
5, 9833, 14779
What are the prime factors of 50996?
2, 11, 19, 61
What are the prime factors of 58460917?
23, 59, 67, 643
List the prime factors of 1186531370.
2, 5, 1151, 103087
What are the prime factors of 1772400260?
2, 5, 83, 1067711
What are the prime factors of 58309562?
2, 29154781
What are the prime factors of 1642542572?
2, 11, 3393683
What are the prime factors of 1217966138?
2, 61, 607, 16447
What are the prime factors of 273227943?
3, 37, 67, 36739
List the prime factors of 122624071.
41, 2990831
List the prime factors of 259537023.
3, 661, 43627
What are the prime factors of 1881757117?
1881757117
What are the prime factors of 929924013?
3, 309974671
What are the prime factors of 92310105?
3, 5, 6154007
What are the prime factors of 19752228?
2, 3, 37, 4943
List the prime factors of 236518685.
5, 13, 31, 107, 1097
What are the prime factors of 563163964?
2, 11, 17, 47, 83, 193
List the prime factors of 25055417.
173, 144829
What are the prime factors of 639953112?
2, 3, 4289, 6217
List the prime factors of 604325882.
2, 1223, 247067
List the prime factors of 329522642.
2, 164761321
List the prime factors of 677707540.
2, 5, 37, 131, 6991
What are the prime factors of 23274406?
2, 37, 367, 857
What are the prime factors of 1616853?
3, 7, 17, 647
List the prime factors of 4560986471.
89, 2551, 20089
List the prime factors of 303256664.
2, 41, 647, 1429
List the prime factors of 820395604.
2, 7, 19, 81163
What are the prime factors of 147595614?
2, 3, 257, 95717
List the prime factors of 43349779.
11, 17, 23, 10079
What are the prime factors of 291357877?
291357877
List the prime factors of 1743254549.
109, 2539, 6299
What are the prime factors of 27826594?
2, 13913297
What are the prime factors of 58462452?
2, 3, 521, 1039
List the prime factors of 1594464153.
3, 17, 1839059
List the prime factors of 81585693.
3, 7, 463, 2797
What are the prime factors of 10173633?
3, 17, 199483
What are the prime factors of 14960452?
2, 13, 287701
What are the prime factors of 662537271?
3, 11, 89, 225583
What are the prime factors of 722353834?
2, 17, 73, 291037
List the prime factors of 535251397.
535251397
What are the prime factors of 1604912919?
3, 19, 167, 168601
List the prime factors of 80634368.
2, 157489
List the prime factors of 147171074.
2, 17, 19, 31, 7349
What are the prime factors of 682712225?
5, 13, 31, 67763
List the prime factors of 7717550642.
2, 3671, 1051151
List the prime factors of 22999059.
3, 29, 9791
What are the prime factors of 80234849?
17, 79, 59743
What are the prime factors of 2793310950?
2, 3, 5, 18622073
List the prime factors of 2852987111.
13, 229, 958343
What are the prime factors of 301358989?
4493, 67073
List the prime factors of 744798378.
2, 3, 47, 71, 37199
What are the prime factors of 2622975077?
607, 4321211
List the prime factors of 52977325.
5, 2119093
List the prime factors of 239375711.
43, 257, 216